{"id":30,"date":"2022-12-20T16:34:55","date_gmt":"2022-12-20T16:34:55","guid":{"rendered":"https:\/\/gadesoftware.com\/?page_id=30"},"modified":"2023-01-04T08:43:25","modified_gmt":"2023-01-04T08:43:25","slug":"gadecon","status":"publish","type":"page","link":"https:\/\/gadesoftware.com\/?page_id=30","title":{"rendered":"GADECON"},"content":{"rendered":"\n<figure class=\"wp-block-image size-large\"><img loading=\"lazy\" decoding=\"async\" width=\"1024\" height=\"236\" src=\"https:\/\/gadesoftware.com\/wp-content\/uploads\/2022\/12\/TITULO-4-1-1024x236.png\" alt=\"\" class=\"wp-image-61\" srcset=\"https:\/\/gadesoftware.com\/wp-content\/uploads\/2022\/12\/TITULO-4-1-980x226.png 980w, https:\/\/gadesoftware.com\/wp-content\/uploads\/2022\/12\/TITULO-4-1-480x111.png 480w\" sizes=\"auto, (min-width: 0px) and (max-width: 480px) 480px, (min-width: 481px) and (max-width: 980px) 980px, (min-width: 981px) 1024px, 100vw\" \/><\/figure>\n\n\n\n<figure class=\"wp-block-image size-full\"><img loading=\"lazy\" decoding=\"async\" width=\"1021\" height=\"431\" src=\"https:\/\/gadesoftware.com\/wp-content\/uploads\/2022\/12\/gadecon-1.png\" alt=\"\" class=\"wp-image-62\" srcset=\"https:\/\/gadesoftware.com\/wp-content\/uploads\/2022\/12\/gadecon-1.png 1021w, https:\/\/gadesoftware.com\/wp-content\/uploads\/2022\/12\/gadecon-1-980x414.png 980w, https:\/\/gadesoftware.com\/wp-content\/uploads\/2022\/12\/gadecon-1-480x203.png 480w\" sizes=\"auto, (min-width: 0px) and (max-width: 480px) 480px, (min-width: 481px) and (max-width: 980px) 980px, (min-width: 981px) 1021px, 100vw\" \/><\/figure>\n\n\n\n<div class=\"wp-block-buttons is-content-justification-center is-layout-flex wp-container-core-buttons-is-layout-16018d1d wp-block-buttons-is-layout-flex\">\n<div class=\"wp-block-button aligncenter has-custom-width wp-block-button__width-75\"><a class=\"wp-block-button__link has-white-color has-vivid-cyan-blue-background-color has-text-color has-background wp-element-button\" href=\"https:\/\/gadesoftware.com\/?page_id=77\" target=\"_blank\" rel=\"noreferrer noopener\">PRUEBA GRATIS<\/a><\/div>\n<\/div>\n\n\n\n<div class=\"wp-block-columns is-layout-flex wp-container-core-columns-is-layout-9d6595d7 wp-block-columns-is-layout-flex\">\n<div class=\"wp-block-column is-layout-flow wp-block-column-is-layout-flow\">\n<figure class=\"wp-block-image size-large\"><img loading=\"lazy\" decoding=\"async\" width=\"1024\" height=\"540\" src=\"https:\/\/gadesoftware.com\/wp-content\/uploads\/2023\/01\/imagen-ocnta-1-1024x540.jpg\" alt=\"\" class=\"wp-image-197\" srcset=\"https:\/\/gadesoftware.com\/wp-content\/uploads\/2023\/01\/imagen-ocnta-1-980x517.jpg 980w, https:\/\/gadesoftware.com\/wp-content\/uploads\/2023\/01\/imagen-ocnta-1-480x253.jpg 480w\" sizes=\"auto, (min-width: 0px) and (max-width: 480px) 480px, (min-width: 481px) and (max-width: 980px) 980px, (min-width: 981px) 1024px, 100vw\" \/><\/figure>\n<\/div>\n\n\n\n<div class=\"wp-block-column is-layout-flow wp-block-column-is-layout-flow\">\n<h1 class=\"has-black-color has-text-color wp-block-heading\">M\u00e1ximo control con GADECON ONLINE.<\/h1>\n\n\n\n<p>Gracias a nuestro sistema ERP podr\u00e1s tener acceso desde cualquier parte solo teniendo internet. Adem\u00e1s, al ser un programa automatizado podr\u00e1s tener controlados todos los procesos y facilitar tu labor que con ello conlleva.<\/p>\n<\/div>\n<\/div>\n\n\n\n<div class=\"wp-block-columns is-layout-flex wp-container-core-columns-is-layout-9d6595d7 wp-block-columns-is-layout-flex\">\n<div class=\"wp-block-column is-layout-flow wp-block-column-is-layout-flow\">\n<h1 class=\"has-black-color has-text-color wp-block-heading\">Sencillo y f\u00e1cil de usar.<\/h1>\n\n\n\n<p>Al ser un software online almacena todos sus datos en la nube y est\u00e1 totalmente dise\u00f1ado para ser f\u00e1cil e intuitivo, no necesitas ser un experto para poder usarlo.<\/p>\n\n\n\n<p>Una vez hacemos la configuraci\u00f3n inicial y una introducci\u00f3n breve estar\u00e1s listo para poder usar el programa.<\/p>\n<\/div>\n\n\n\n<div class=\"wp-block-column is-layout-flow wp-block-column-is-layout-flow\">\n<figure class=\"wp-block-image size-large\"><img loading=\"lazy\" decoding=\"async\" width=\"1024\" height=\"546\" src=\"https:\/\/gadesoftware.com\/wp-content\/uploads\/2023\/01\/imagen-conta-2-1024x546.jpg\" alt=\"\" class=\"wp-image-198\" srcset=\"https:\/\/gadesoftware.com\/wp-content\/uploads\/2023\/01\/imagen-conta-2-980x523.jpg 980w, https:\/\/gadesoftware.com\/wp-content\/uploads\/2023\/01\/imagen-conta-2-480x256.jpg 480w\" sizes=\"auto, (min-width: 0px) and (max-width: 480px) 480px, (min-width: 481px) and (max-width: 980px) 980px, (min-width: 981px) 1024px, 100vw\" \/><\/figure>\n<\/div>\n<\/div>\n\n\n\n<div class=\"wp-block-columns is-layout-flex wp-container-core-columns-is-layout-9d6595d7 wp-block-columns-is-layout-flex\">\n<div class=\"wp-block-column is-layout-flow wp-block-column-is-layout-flow\">\n<figure class=\"wp-block-image size-large\"><img loading=\"lazy\" decoding=\"async\" width=\"1024\" height=\"546\" src=\"https:\/\/gadesoftware.com\/wp-content\/uploads\/2023\/01\/imagen-conta-3-1024x546.jpg\" alt=\"\" class=\"wp-image-199\" srcset=\"https:\/\/gadesoftware.com\/wp-content\/uploads\/2023\/01\/imagen-conta-3-980x523.jpg 980w, https:\/\/gadesoftware.com\/wp-content\/uploads\/2023\/01\/imagen-conta-3-480x256.jpg 480w\" sizes=\"auto, (min-width: 0px) and (max-width: 480px) 480px, (min-width: 481px) and (max-width: 980px) 980px, (min-width: 981px) 1024px, 100vw\" \/><\/figure>\n<\/div>\n\n\n\n<div class=\"wp-block-column is-layout-flow wp-block-column-is-layout-flow\">\n<h1 class=\"has-black-color has-text-color wp-block-heading\">Visi\u00f3n general.<\/h1>\n\n\n\n<p>Con GADECON  podr\u00e1s obtener todos los balances, registros de IVA y documentos oficiales que necesite para obtener una mejor visi\u00f3n de c\u00f3mo va la empresa, Adem\u00e1s, podr\u00e1 exportar estos documentos iniciales en el formato que desee  y estimar un cierre provisional del ejercicio, sin olvidarnos de poder obtener un balance de situaci\u00f3n tanto extendido como predefinido.<\/p>\n<\/div>\n<\/div>\n\n\n\n<h1 class=\"has-black-color has-text-color wp-block-heading\">FUNCIONALIDADES DE GADECON.<\/h1>\n\n\n\n<figure class=\"wp-block-image size-full is-resized\"><img loading=\"lazy\" decoding=\"async\" src=\"https:\/\/gadesoftware.com\/wp-content\/uploads\/2022\/12\/funciones.png\" alt=\"\" class=\"wp-image-188\" width=\"826\" height=\"619\"\/><\/figure>\n\n\n\n<h1 class=\"has-black-color has-text-color wp-block-heading\">V\u00cdDEOS EXPLICATIVOS DE GADECON<\/h1>\n\n\n\n<div class=\"wp-block-columns is-layout-flex wp-container-core-columns-is-layout-9d6595d7 wp-block-columns-is-layout-flex\">\n<div class=\"wp-block-column is-layout-flow wp-block-column-is-layout-flow\">\n<div class=\"wp-block-buttons is-layout-flex wp-block-buttons-is-layout-flex\">\n<div class=\"wp-block-button has-custom-width wp-block-button__width-75\"><a class=\"wp-block-button__link wp-element-button\" href=\"https:\/\/www.youtube.com\/watch?v=BKYDTf-uduE&amp;t=11s\" target=\"_blank\" rel=\"noreferrer noopener\">CONSULTAS<\/a><\/div>\n<\/div>\n<\/div>\n\n\n\n<div class=\"wp-block-column is-layout-flow wp-block-column-is-layout-flow\">\n<div class=\"wp-block-buttons is-layout-flex wp-block-buttons-is-layout-flex\">\n<div class=\"wp-block-button has-custom-width wp-block-button__width-75\"><a class=\"wp-block-button__link has-vivid-cyan-blue-background-color has-background wp-element-button\" href=\"https:\/\/www.youtube.com\/watch?v=by_FrQSZlJY&amp;t=95s\" target=\"_blank\" rel=\"noreferrer noopener\">INTRODUCCI\u00d3N DE ASIENTOS<\/a><\/div>\n<\/div>\n<\/div>\n<\/div>\n\n\n\n<div class=\"wp-block-buttons is-layout-flex wp-block-buttons-is-layout-flex\"><\/div>\n\n\n\n<div class=\"wp-block-buttons is-content-justification-center is-layout-flex wp-container-core-buttons-is-layout-16018d1d wp-block-buttons-is-layout-flex\"><\/div>\n\n\n\n<h1 class=\"has-black-color has-text-color wp-block-heading\">FORMULARIO DE CONTACTO.<\/h1>\n\n\n<div class=\"frm_forms  with_frm_style frm_style_estilos-formidable\" id=\"frm_form_1_container\" >\n<form enctype=\"multipart\/form-data\" method=\"post\" class=\"frm-show-form \" id=\"form_contact-form\"  >\n<div class=\"frm_form_fields \">\n<fieldset>\n<legend class=\"frm_screen_reader\">Contact Us<\/legend>\n\n<div class=\"frm_fields_container\">\n<input type=\"hidden\" name=\"frm_action\" value=\"create\" \/>\n<input type=\"hidden\" name=\"form_id\" value=\"1\" \/>\n<input type=\"hidden\" name=\"frm_hide_fields_1\" id=\"frm_hide_fields_1\" value=\"\" \/>\n<input type=\"hidden\" name=\"form_key\" value=\"contact-form\" \/>\n<input type=\"hidden\" name=\"item_meta[0]\" value=\"\" \/>\n<input type=\"hidden\" id=\"frm_submit_entry_1\" name=\"frm_submit_entry_1\" value=\"787f23e8fb\" \/><input type=\"hidden\" name=\"_wp_http_referer\" value=\"\/index.php?rest_route=%2Fwp%2Fv2%2Fpages%2F30\" \/><div id=\"frm_field_8_container\" class=\"frm_form_field form-field  frm_required_field frm_top_container\">\n    <label for=\"field_49r2s\" id=\"field_49r2s_label\" class=\"frm_primary_label\">Programas\n        <span class=\"frm_required\" aria-hidden=\"true\">*<\/span>\n    <\/label>\n    \t\t<select name=\"item_meta[8]\" id=\"field_49r2s\"  data-reqmsg=\"Este campo no puede estar en blanco.\" aria-required=\"true\" data-invmsg=\"Programas no es v\u00e1lido\" aria-invalid=\"false\"  >\n\t\t\t\t<option  value=\"GADEFAC\">\n\t\t\tGADEFAC\t\t<\/option>\n\t\t\t\t<option  value=\"GADECON\">\n\t\t\tGADECON\t\t<\/option>\n\t\t\t\t<option  value=\"GADETIN\">\n\t\t\tGADETIN\t\t<\/option>\n\t\t\t\t<option  value=\"GADE TPV\">\n\t\t\tGADE TPV\t\t<\/option>\n\t\t\t<\/select>\n\t\n    \n    \n<\/div>\n<div id=\"frm_field_1_container\" class=\"frm_form_field form-field  frm_required_field frm_top_container frm6 frm_first\">\n    <label for=\"field_qh4icy\" id=\"field_qh4icy_label\" class=\"frm_primary_label\">Nombre\n        <span class=\"frm_required\" aria-hidden=\"true\">*<\/span>\n    <\/label>\n    <input type=\"text\" id=\"field_qh4icy\" name=\"item_meta[1]\" value=\"\"  data-reqmsg=\"Este campo no puede estar en blanco.\" aria-required=\"true\" data-invmsg=\"Name no es v\u00e1lido\" aria-invalid=\"false\"   aria-describedby=\"frm_desc_field_qh4icy\"\/>\n    <div class=\"frm_description\" id=\"frm_desc_field_qh4icy\">First<\/div>\n    \n<\/div>\n<div id=\"frm_field_2_container\" class=\"frm_form_field form-field  frm_required_field frm_hidden_container frm6\">\n    <label for=\"field_ocfup1\" id=\"field_ocfup1_label\" class=\"frm_primary_label\">Apellidos\n        <span class=\"frm_required\" aria-hidden=\"true\">*<\/span>\n    <\/label>\n    <input type=\"text\" id=\"field_ocfup1\" name=\"item_meta[2]\" value=\"\"  data-reqmsg=\"Este campo no puede estar en blanco.\" aria-required=\"true\" data-invmsg=\"Last no es v\u00e1lido\" aria-invalid=\"false\"   aria-describedby=\"frm_desc_field_ocfup1\"\/>\n    <div class=\"frm_description\" id=\"frm_desc_field_ocfup1\">Last<\/div>\n    \n<\/div>\n<div id=\"frm_field_4_container\" class=\"frm_form_field form-field  frm_required_field frm_top_container frm12 frm_first\">\n    <label for=\"field_e6lis6\" id=\"field_e6lis6_label\" class=\"frm_primary_label\">Empresa\n        <span class=\"frm_required\" aria-hidden=\"true\">*<\/span>\n    <\/label>\n    <input type=\"text\" id=\"field_e6lis6\" name=\"item_meta[4]\" value=\"\"  data-reqmsg=\"Este campo no puede estar en blanco.\" aria-required=\"true\" data-invmsg=\"Subject no es v\u00e1lido\" aria-invalid=\"false\"  \/>\n    \n    \n<\/div>\n<div id=\"frm_field_3_container\" class=\"frm_form_field form-field  frm_required_field frm_top_container frm_full\">\n    <label for=\"field_29yf4d\" id=\"field_29yf4d_label\" class=\"frm_primary_label\">Email\n        <span class=\"frm_required\" aria-hidden=\"true\">*<\/span>\n    <\/label>\n    <input type=\"email\" id=\"field_29yf4d\" name=\"item_meta[3]\" value=\"\"  data-reqmsg=\"Este campo no puede estar en blanco.\" aria-required=\"true\" data-invmsg=\"Please enter a valid email address\" aria-invalid=\"false\"  \/>\n    \n    \n<\/div>\n<div id=\"frm_field_6_container\" class=\"frm_form_field form-field  frm_required_field frm_top_container\">\n    <label for=\"field_q2fyz\" id=\"field_q2fyz_label\" class=\"frm_primary_label\">Tel\u00e9fono\n        <span class=\"frm_required\" aria-hidden=\"true\">*<\/span>\n    <\/label>\n    <input type=\"tel\" id=\"field_q2fyz\" name=\"item_meta[6]\" value=\"\"  data-reqmsg=\"Este campo no puede estar en blanco.\" aria-required=\"true\" data-invmsg=\"Tel\u00e9fono no es v\u00e1lido\" aria-invalid=\"false\" pattern=\"((\\+\\d{1,3}(-|.| )?\\(?\\d\\)?(-| |.)?\\d{1,5})|(\\(?\\d{2,6}\\)?))(-|.| )?(\\d{3,4})(-|.| )?(\\d{4})(( x| ext)\\d{1,5}){0,1}$\"  \/>\n    \n    \n<\/div>\n<div id=\"frm_field_7_container\" class=\"frm_form_field form-field  frm_top_container\">\n    <label for=\"field_ozw9l\" id=\"field_ozw9l_label\" class=\"frm_primary_label\">Contrase\u00f1a\n        <span class=\"frm_required\" aria-hidden=\"true\"><\/span>\n    <\/label>\n    <input type=\"text\" id=\"field_ozw9l\" name=\"item_meta[7]\" value=\"\"  data-invmsg=\"Texto no es v\u00e1lido\" aria-invalid=\"false\"  \/>\n    \n    \n<\/div>\n\t<input type=\"hidden\" name=\"item_key\" value=\"\" \/>\n\t\t\t\t<div class=\"frm_verify\" aria-hidden=\"true\">\n\t\t\t\t<label for=\"frm_email_1\">\n\t\t\t\t\tSi eres humano, deja este campo en blanco.\t\t\t\t<\/label>\n\t\t\t\t<input type=\"text\" class=\"frm_verify\" id=\"frm_email_1\" name=\"frm_verify\" value=\"\"  \/>\n\t\t\t<\/div>\n\t\t<div class=\"frm_submit\">\n\n<button class=\"frm_button_submit\" type=\"submit\"  >Enviar<\/button>\n\n\n<\/div><\/div>\n<\/fieldset>\n<\/div>\n<\/form>\n<\/div>\n","protected":false},"excerpt":{"rendered":"<p>M\u00e1ximo control con GADECON ONLINE. Gracias a nuestro sistema ERP podr\u00e1s tener acceso desde cualquier parte solo teniendo internet. Adem\u00e1s, al ser un programa automatizado podr\u00e1s tener controlados todos los procesos y facilitar tu labor que con ello conlleva. Sencillo y f\u00e1cil de usar. Al ser un software online almacena todos sus datos en la [&hellip;]<\/p>\n","protected":false},"author":1,"featured_media":0,"parent":0,"menu_order":0,"comment_status":"closed","ping_status":"closed","template":"","meta":{"_et_pb_use_builder":"","_et_pb_old_content":"","_et_gb_content_width":"","footnotes":""},"class_list":["post-30","page","type-page","status-publish","hentry"],"_links":{"self":[{"href":"https:\/\/gadesoftware.com\/index.php?rest_route=\/wp\/v2\/pages\/30","targetHints":{"allow":["GET"]}}],"collection":[{"href":"https:\/\/gadesoftware.com\/index.php?rest_route=\/wp\/v2\/pages"}],"about":[{"href":"https:\/\/gadesoftware.com\/index.php?rest_route=\/wp\/v2\/types\/page"}],"author":[{"embeddable":true,"href":"https:\/\/gadesoftware.com\/index.php?rest_route=\/wp\/v2\/users\/1"}],"replies":[{"embeddable":true,"href":"https:\/\/gadesoftware.com\/index.php?rest_route=%2Fwp%2Fv2%2Fcomments&post=30"}],"version-history":[{"count":14,"href":"https:\/\/gadesoftware.com\/index.php?rest_route=\/wp\/v2\/pages\/30\/revisions"}],"predecessor-version":[{"id":202,"href":"https:\/\/gadesoftware.com\/index.php?rest_route=\/wp\/v2\/pages\/30\/revisions\/202"}],"wp:attachment":[{"href":"https:\/\/gadesoftware.com\/index.php?rest_route=%2Fwp%2Fv2%2Fmedia&parent=30"}],"curies":[{"name":"wp","href":"https:\/\/api.w.org\/{rel}","templated":true}]}}